1) prime?
False
Let k = 28141 + -14894. Is k a composite number?
True
Let n(i) = 52*i - 31 + 39*i + 135*i. Is n(9) a composite number?
False
Suppose -2*d - 26217 = -3*p, -14*d + 3 = -13*d. Is p a prime number?
True
Let y be 74949/(-33) + (-2)/(-11). Let n = -1613 - y. Suppose -4*z + 0*h = -2*h - n, -3*z - 4*h = -477. Is z prime?
True
Suppose -2*r - 18 = -6. Let b(l) = -l**3 - 5*l**2 + 7*l + 8. Let c be b(r). Let f(g) = 11*g + 1. Is f(c) a composite number?
False
Let a(b) = b**3 + 5*b**2 - b - 3. Let d be a(-5). Let p be 3/d*(-12)/(-9). Is 40/6*3/p prime?
False
Let h = -5 + 14. Suppose -4*z - 3 = h. Is (-1)/((-5)/z + -2) a composite number?
False
Let w(s) = 3*s + 12. Let f be w(12). Let b = 211 - f. Is b prime?
True
Let v(c) be the first derivative of -17/2*c**2 + c + 6. Is v(-6) composite?
False
Let m = 214 + -109. Suppose -m = -2*t + 4*f + 337, 0 = 5*t + 4*f - 1035. Is t prime?
True
Suppose 5*f = 4*k + 2727 - 1002, -10 = 2*k. Let b(y) = -y**2 + 2*y + 3. Let v be b(-3). Let z = f + v. Is z composite?
True
Let y = 1014 - 535. Is y prime?
True
Is (3 + -3 + 7)/(2/3814) composite?
True
Suppose -5*d - 20 = 0, 0*d + 13 = a - d. Suppose a*g - 13*g = -5036. Is g prime?
True
Let k(u) = -24 - 58*u - 19 + 4*u**2 + 42*u. Is k(17) prime?
False
Is 158*((-11)/(-44) + 426/8) composite?
True
Is (1 + 2095224/(-36))/(2/(-6)) a prime number?
True
Let p be (-2)/14 - (63150/(-21) - -7). Suppose -p = -16*k + 2456. Is k prime?
False
Suppose 2*q + 1692 = 4*m + 622, -281 = -m + 5*q. Suppose -z + 411 = -m. Is z a composite number?
False
Let o(s) = 5 - 2518*s - 11 + 9. Is o(-2) prime?
True
Suppose 0 = -14*d + 17*d - 12. Suppose -4*i + 246 = 74. Suppose 4*z + 0*m - 256 = -5*m, -z + d*m = -i. Is z a prime number?
True
Is 53608/(-6)*63/(-12) composite?
True
Let v(k) = -4*k**3 + 4*k**2 + k + 4. Let j(b) = 16*b**3 - 16*b**2 - 4*b - 16. Let h(z) = 2*j(z) + 9*v(z). Suppose 8*c + 22 = -2. Is h(c) a composite number?
True
Suppose 0 = 14*h - 7184 - 4968. Let w = 1971 - h. Is w a composite number?
False
Suppose 2*n + x + 3*x + 11828 = 0, 4*n + 4*x + 23652 = 0. Let d = n + 11243. Is d prime?
False
Let s(g) = -2*g**2 + 88*g**3 + 2*g**2 - 17*g + 15*g + 1. Is s(2) a prime number?
True
Let f be (3 + 9/(-4))*(-20)/15. Let l(h) be the second derivative of -551*h**3/6 - h. Is l(f) prime?
False
Let g be (5 - 1)*2*6/8. Is ((-4)/g)/(52/(-29406)) prime?
False
Suppose 8*m - 2*m - 43458 = 0. Is m a composite number?
False
Let j(y) = y**3 - y + 15. Let n = 29 + -29. Is j(n) composite?
True
Is 8612/(-6)*(14/(-4) - -2) composite?
False
Is (-35367)/(-6)*(2 + 0 - 0) a prime number?
True
Let q = 435 + -256. Suppose 2*p + j - 318 - q = 0, p = 2*j + 261. Is p prime?
True
Suppose 246 = -4*i - 26. Let l = i + 379. Is l prime?
True
Let r = 936 - 451. Is r a prime number?
False
Suppose 16351 = 11*r - 31972. Is r a composite number?
True
Let w = 3 - 1. Suppose -w*g = -6*g + 24. Suppose -g*v + 1800 = -2*v - 4*p, -2*p - 2 = 0. Is v composite?
False
Suppose 7*j - 15*j + 105272 = 0. Is j a composite number?
False
Is 28/6 + 5/15 + 1818 composite?
False
Let p be (-2)/11 + 4/22. Let q(r) = 4*r**2 + p*r + 4*r + 2*r**2 - 1. Is q(3) prime?
False
Let v be ((-6)/12)/(1/(-760)). Suppose -v = -m + 293. Is m composite?
False
Let f(n) = 16*n**2 - 5*n + 2. Suppose 11 = -7*j - 10. Is f(j) composite?
True
Suppose -3*o = 4*r - 19255, 6413 = o - 17*r + 21*r. Is o a prime number?
True
Let w be 0 + 12/5 + 63/105. Is 7/(63/(-6)) + 1505/w prime?
False
Let k(p) = 30*p**2 - 42*p + 19. Is k(-11) a prime number?
True
Let x(c) = 21 - 9*c + 3 - 38 + 5*c**2. Let t be x(15). Let s = 1805 - t. Is s a composite number?
False
Suppose -c + 20 = 5*q, -2*c - 5*q + 4 = -4*q. Suppose u = -2*n - 0*u + 443, n + 5*u - 208 = c. Is n prime?
True
Suppose 4*t - 8665 = q + 26845, -2*t + 17750 = 2*q. Is t/12 + (-21)/28 prime?
True
Is 7/28*16 + 2935 prime?
True
Let o(f) = -f**2 + 22*f - 24. Let s be o(22). Let n = s - -223. Is n a prime number?
True
Suppose -5*o + 3*z = -47644, -5*z - 38123 = -30*o + 26*o. Is o prime?
False
Is (195422/4)/(((-8)/(-2))/8) prime?
True
Let l = -2644 + 5411. Is l a composite number?
False
Let j be (510 + -8)*(-3)/(-2). Suppose -5*s + j = -3682. Is s composite?
False
Let t(x) = x**3 + 7*x**2 + 7*x + 9. Suppose -8*i + 4*i = 24. Let l be t(i). Suppose l*w - 164 = w. Is w prime?
False
Suppose -5*f + 45822 = -4*k, 5*f - 12*k + 10*k = 45826. Is f a composite number?
True
Let i be -7 - 89/(-13) - (-284)/(-13). Let s = 361 + i. Is s composite?
True
Suppose 3*y = -3*u + 2*u - 227, u + 222 = -4*y. Let c = u - -621. Is c a composite number?
False
Suppose -3*x = x + q - 20355, -5*q = 4*x - 20335. Suppose p = -p + x. Is p composite?
True
Suppose 4*v = 2*s - 2254, -v = s - 0*v - 1121. Is s prime?
True
Suppose 0 = -6*g + 13 + 23. Suppose -g + 60 = -6*x. Let d(b) = -5*b - 22. Is d(x) a composite number?
False
Is 221*4 + (-7 - (-1 - 11)) a composite number?
True
Let t(z) = -3*z**2 + 1 - 3*z + z + 176*z**3 - 173*z**3 + 3*z. Is t(3) prime?
False
Suppose 0 = 4*t + 4*l - 15436, l + 4 - 3 = 0. Suppose -1280 = -h - r, 4*h - r - t = h. Is h composite?
True
Let m = 9 - 6. Let n(o) = 44*o - 10. Let r(g) = 46*g - 9. Let v(u) = -4*n(u) + 5*r(u). Is v(m) prime?
True
Suppose 0 = -6*z + 1957 + 2657. Is z a prime number?
True
Suppose 220 = -2*m - 0*m. Let d = 205 + m. Is d prime?
False
Is (-36705)/(-17) - 16/136 prime?
False
Let l(i) be the second derivative of 23*i**7/2520 - i**6/240 - i**5/120 + i**4/12 - 3*i. Let j(t) be the third derivative of l(t). Is j(4) composite?
True
Let b(l) = -381*l**3 + 5*l**2 + 2*l + 3. Is b(-2) composite?
False
Suppose 5*n + 19 = 4*c + 1, -5*c = 3*n - 4. Is 94 + (-1 - n - -2) a prime number?
True
Let v = 818 - -65. Is v a prime number?
True
Suppose 4*r = -u + 1 + 28, 5 = r - 2*u. Suppose 5*g - r*g = -38. Is g composite?
False
Let t = -117 - -3163. Let x = 4669 - t. Is x prime?
False
Let v be 4*(-1 - 18/(-8)). Suppose -2*r + 4*a = -24, 3*r - 6 = r - v*a. Is ((-932)/(-8))/(4/r) a composite number?
False
Let u = -1461 + 3710. Is u prime?
False
Let o(y) = -194*y**3 + y**2 - 6*y - 2. Is o(-3) prime?
False
Let x = 10314 - -1531. Suppose -7*n = -2*n - x. Is n a prime number?
False
Suppose -4*y + 2*j = -32, -5*y - 3*j = 2*j - 70. Suppose 273 = y*v - 1217. Is v a composite number?
False
Let r = 2955 + -1054. Is r a composite number?
False
Let o(c) = -c**3 + 22*c**2 + 2*c - 32. Let g be o(22). Suppose 4551 + 477 = g*j. Is j a composite number?
False
Let g(k) = k**2 + k + 1. Let a(l) = 4*l**2 - 4*l + 7. Let d(z) = -a(z) + 5*g(z). Let v be d(-12). Suppose -3*y + 8 = -v. Is y composite?
True
Let q = -2148 + 4781. Is q a composite number?
False
Suppose -83*d + 78*d = -25735. Is d composite?
False
Let u be (6 - 0)*4/6. Suppose 0 = -2*v + 2 + 4, 0 = -u*m - 4*v + 4. Is -5*m/(-20)*-158 prime?
True
Suppose -3 = -h, 10*h - 5*h = i - 5. Suppose f = -0*f - i. Let c = f + 54. Is c a prime number?
False
Let z(w) = 5*w - 23. Let u be z(5). Is (u - (-67)/2)*(10 - 0) a composite number?
True
Let l be ((-52)/16)/((-1)/4). Let x = -10 + l. Suppose -x*s = 2*s - 745. Is s a composite number?
False
Suppose -5*i + 15*i = 0. Is (2 - 1)*(i + 641) a prime number?
True
Let f = 4784 - 2629. Is f a prime number?
False
Suppose 756 = -5*t + 6*t - 3*w, 4*t - 3015 = 3*w. Let l = t + -496. Is l composite?
False
Suppose 392*g = 379*g + 77753. Is g a prime number?
True
Let k(a) = a**3 + 16*a**2 - 13*a - 22. Let o be k(-13). Suppose -2*z + 4*y = -o, z + 2*y - 6*y - 323 = 0. Is z a composite number?
False
Let j = 5640 + -2773. Is j a composite number?
True
Suppose n - 6*n = -20, -4*q - 4*n + 16 = 0. Suppose -4*f + 3*f = q. Suppose -4*i + 414 + 214 = f. Is i prime?
True
Suppose -5*y = -5, 3*q - 3*y = -q - 1175. Is q*(-4 + (-3)/(-1)) a prime number?
True
Let w(u) = 18*u**2 + 2*u + 2. Let h be w(-1). Let i = h - -56. Is i prime?
False
Let r(k) = 6*k - 2*k + k**3 + 1 + 8*k**2 + 0*k**2. Suppose 0 = -4*w, -5*s + 6*s + 4*w + 4 = 0. Is r(s) a composite number?
True
Let k(i) = -i**3 - 9*i**2 - 12*i + 4. Let x be k(-9). Let p = -8 + x. Is 0 - 1 - p/(-1) prime?
True
Let g(l) = -2*l**2 + 2*l + 3. Let r = -3 - -1. Let n be g(r). Is 16/12*n/(-2) prime?
False
Suppose 4*z = -3*q + 20279, 0 = 4*q - 4*z - 9726 - 17322. Is q a composite number?
False
Suppose 13857 = a + 4*f, -21690 = -2*a +